. Give h(-9).
-12
Let g(r) = r**2 + 2*r - 13. Let w be (-10)/(-20)*(-2 + 2). Let t be g(w). Let s(k) = k**3 + 12*k**2 - 14*k - 15. Give s(t).
-2
Let t(x) = x**2 - x + 17. Let q be ((-4)/10)/((-4)/(-70)) + 2. Calculate t(q).
47
Let c(z) = 27*z**3 + 2*z**2 + z. Suppose -15*y = -9*y + 1386. Let i = y - -230. Give c(i).
-26
Let g(a) be the second derivative of -a**5/20 + 7*a**4/6 - 2*a**3 - 11*a**2/2 + 6*a. Suppose -12*o - 234 + 390 = 0. Calculate g(o).
2
Let c(p) = -3*p + 4*p - 394 - 448 + 844. Let x = 3 + 10. Suppose -4*w + 5 - x = 0. Determine c(w).
0
Let u be 561/44 + 1/4. Suppose -8*g + 5*f = -u*g - 10, g - 10 = 2*f. Let b(h) = -h**3. Determine b(g).
-8
Let m be 27 + 6/5*(-5)/2. Suppose 5*i - 5*g = 4*i + m, 3*i - g - 16 = 0. Let q(c) = i*c**2 - 2*c - c**3 - 8 + 3*c - 10*c**2 + 6*c. What is q(-7)?
-8
Let h = -6 - 1. Let f = -51 - -193. Let p(l) = -f + 3*l - l**2 + 132 - 12*l. What is p(h)?
4
Let b(k) = -k**3 + k**2 - 5*k + 5. Let f be (34/391)/(3/69). Determine b(f).
-9
Let v(h) = 2*h + 1. Suppose -2*b = -5*r - 20, 5*r + 3*b - 4*b + 25 = 0. Let a(t) = -5*t - 2. Let c(p) = r*a(p) - 14*v(p). Determine c(-6).
-14
Let u(f) = -16*f + 53. Let j(i) = -59*i + 209. Let k(r) = 4*j(r) - 15*u(r). Give k(-11).
-3
Let n(k) = k**2 - 4*k + 8. Let l be n(4). Let r(c) = 6 - l + 1 + 0 + c. What is r(2)?
1
Let m(h) = -h**2 + 5*h - 2. Let n be m(4). Suppose -6 - n = -4*i. Let x(j) = 2*j**2 - 5 - 3*j**i - 8*j**3 - 6*j**2 + 7*j**3 - 6*j. Calculate x(-6).
-5
Let d(r) be the first derivative of r**4/4 - 2*r**3 + r**2 + 5*r + 760. Give d(4).
-19
Let z(g) = -8*g**2 - 2*g - 1. Let f be ((-24)/(-15))/((-2)/65). Let j = -58 - f. Let a be 56/(-32) + j/(-8). Calculate z(a).
-7
Let f(t) = -22*t**2 - 68*t - 2. Let b(h) = -39*h**2 - 119*h - 3. Let k(x) = -9*b(x) + 16*f(x). What is k(-17)?
-5
Let j(x) = 10*x + 94. Let h(r) = 7*r + 65. Let m(b) = 7*h(b) - 5*j(b). Give m(22).
-37
Let c(r) be the second derivative of -2*r**3/3 - r**2/2 - 2*r. Suppose 0 = -3*p - 6, -8 = -4*i - 2*p + 6*p. Let u be i/(28/4) + -2. Determine c(u).
7
Let l = -88 - -91. Suppose -10 = -w + 3*k + 4, -l*w - 2*k = -20. Let c(p) = 7 + 23*p - 25*p - w. Give c(-5).
9
Let t(w) be the second derivative of -w**6/360 - 3*w**5/40 + w**4/24 + w**3/6 + 18*w**2 + 45*w. Let m(y) be the second derivative of t(y). Give m(-9).
1
Suppose 2*n = 6, 4*g - 8*g + n = 3. Suppose -8 = -2*j - g. Let p(i) = -3 - i - 7*i + j*i + 7*i. Calculate p(-3).
-12
Suppose 0*f + 3*f - 21 = 0. Let z(q) = -5*q**3 + 6*q**2 + 18*q + 5. Let w(s) = -34*s**3 + 40*s**2 + 122*s + 33. Let h(p) = -6*w(p) + 41*z(p). What is h(f)?
0
Suppose -10 = -3*g - g - 18. Let r(v) = v**2 + 4*v + 9. Let n(f) = 3*f + 10 + 2*f**2 - f**2 + f**2. Let i(u) = g*n(u) + 3*r(u). What is i(7)?
0
Let l(v) = v**2 + 2*v - 3. Suppose -4*i - j = -49, 0 = -4*i + 2*i - 4*j + 28. Suppose 0 = d + 2*f - i, f + 3 = -d + 5*d. What is l(d)?
5
Let z(j) be the first derivative of j**2/2 + 8*j + 7. Let a be (-39)/858 + 310/44. Calculate z(a).
15
Let b(k) = -3*k - 2. Let u(f) = 16*f + 10. Let m(n) = -11*b(n) - 2*u(n). Let c be m(-1). Let j(r) = -c + 4*r - 5*r - 2*r + 2*r. Give j(5).
-6
Let m(t) = 124*t**3 - 3*t**2 - 3*t - 1. Let y be (-2)/(((-72)/(-3) - 26)/(0 - 1)). Give m(y).
-125
Suppose 2 = 2*g, -d = d + 4*g - 20. Suppose 0 = -18*f - d*f - 182. Let n(m) = -2*m - 6. Determine n(f).
8
Let l(s) = 5*s - 1. Let g(b) = -1. Let c(o) = g(o) - l(o). Let n = 107 + -109. Let f be (n/3)/(8*(-2)/(-120)). What is c(f)?
25
Suppose 2*h - 317*j = -314*j - 15, -h + 5 = j. Let w(o) = -8*o + 19. Determine w(h).
19
Let u(p) = 8*p**2 + 96*p - 6*p**2 - 234*p + 17 + 114*p. Calculate u(14).
73
Suppose 0 = -2*f - 4*m - 10, -22*f + 25*f - m = 41. Let x(u) = 6*u - 70. What is x(f)?
-4
Suppose -3*v - 5*y + 20 = -4*y, 5*y = 2*v + 15. Suppose n = -3*f - 5, -9*f + 4*n = -v*f - 20. Let z(b) = -b**3 - 2*b + 9. Give z(f).
9
Let p(h) = -91939 + 91923 + 24*h + 2*h**2 - 51*h. Determine p(12).
-52
Let c = 2016 + -2012. Let u(o) = -19. Let f(x) = -x + 18. Let j(g) = -5*f(g) - 4*u(g). What is j(c)?
6
Suppose 2*q + 2*u + 6 = -u, 2*q + 14 = u. Let w be 10/((-100)/(-35)) + q/(-4). Let l(b) = 3*b - 3*b - 5*b + 7*b + w. Calculate l(-4).
-3
Let n(y) = -2*y**2 + 13*y - 19. Let l(b) = -5*b**2 + 38*b - 55. Let p(o) = -4*l(o) + 11*n(o). Determine p(-6).
-7
Let n(o) be the second derivative of o**3/6 - 7*o**2 + 530*o. Let f(t) = 2*t**2 + 4*t + 1. Let d be 315/(-99) - (-4)/22. Let x be f(d). What is n(x)?
-7
Suppose 15*d + 6*d = 13*d + 32. Let u(s) = -s**2 + 4*s + 14. Calculate u(d).
14
Let c(p) be the third derivative of -p**6/120 + 2*p**5/15 - p**4/4 - p**3/2 - 14*p**2 + 14*p. Suppose 0*s + s - 7 = 0. Determine c(s).
4
Let m(h) = -10*h + 484 + 484 - 1444 - 4*h - 2*h**2 + 478. What is m(-7)?
2
Let c = 1543 - 1542. Let u be (-10)/(-6) - 2/(-6). Let z(w) = 6*w**3 - w + 2*w - w**u + w**3. Give z(c).
7
Let s(z) = -293*z + 8 + 100*z + 98*z + 107*z. Let t(r) = -3*r - 1. Let n(k) = -s(k) - 3*t(k). Calculate n(-7).
16
Let o(f) = 4*f**2 - 17 - 2*f**2 - 25 - 28*f + 34. Give o(12).
-56
Let q(l) = -l**2 + 4*l + 4. Let a = 147 - 147. Suppose -19 = -4*w - a*w + y, 3*y + 5 = -w. Calculate q(w).
4
Let r(m) be the second derivative of 3*m**3/2 - 7*m**2/2 + 2822*m. Determine r(0).
-7
Let m(t) be the third derivative of t**4/24 + 59*t**3/6 - 640*t**2. What is m(0)?
59
Let v be (-74980)/6900 - (-4)/(-30). Let u(s) = -8*s - 65. Give u(v).
23
Let n(s) = 5*s - 3*s**2 - 702 - 2*s + 703. Calculate n(3).
-17
Let u(s) = 16*s**3 + 7*s**2 - 2*s + 2. Let b(v) = 11*v**3 + 5*v**2 - 2*v + 1. Let w(y) = -3*b(y) + 2*u(y). What is w(2)?
-7
Suppose 46 = 7*f + 11. Let u(r) be the third derivative of 7*r**2 + 5/6*r**3 + 0 + 0*r - 1/15*r**f + 1/4*r**4 - 1/120*r**6. What is u(-5)?
0
Let k(a) be the second derivative of 5*a**3/2 - 128*a**2 - 10*a + 30. Calculate k(17).
-1
Let o(h) = -6 + 21*h**3 + 564*h - 10*h**2 - 280*h - 282*h - 20*h**3. Determine o(10).
14
Let f(k) = -3*k - 2*k - 13*k**2 + 3*k**3 + 2*k**3 - 4*k**3 + 16*k + k - 5. Let w(u) = u**3 + 6*u**2 + 2*u - 3. Let r be w(-5). Calculate f(r).
-5
Let m(z) = z - 13*z**2 - z - 4*z**2 + z. Suppose -387 = -3*h - 3*w, 9*h + w + 123 = 10*h. Let g = 127 - h. Determine m(g).
-16
Let u(v) = -48*v + 25. Let w(k) = 20*k - 13. Let g(n) = -4*u(n) - 9*w(n). Give g(7).
101
Let o be ((-21)/(-9))/(15/90). Suppose 3 = -o*b - 11. Let k(g) = -19*g**2 - 1. What is k(b)?
-20
Let i(l) = -9*l - 52. Let u be i(-6). Let w(y) = 0*y**2 + 0 + y**u - y - 5 - 3*y + 5*y. Determine w(5).
25
Suppose 1653 = 591*k - 504*k. Let z(t) = t**3 - 17*t**2 - 36*t - 43. Calculate z(k).
-5
Let t(c) = -c + 13. Let l(r) = r - 26. Let b(n) = -2*l(n) - 3*t(n). Calculate b(-13).
0
Let s(k) = 3*k**2 - 15*k. Let h(i) = -5*i**2 + 14*i - 1. Let q(l) = -3*h(l) - 4*s(l). Calculate q(-6).
3
Let o(b) be the third derivative of b**5/60 + 11*b**4/12 + 59*b**3/3 - 8*b**2 + 29*b + 2. What is o(-11)?
-3
Let x(h) = -h - 8. Let p(u) = -2*u**3 + 6*u**2 - 11*u + 2. Let k be p(5). Let q = k - -159. What is x(q)?
-14
Let h(f) = -f**2 - 8*f + 7. Let m be 17*1*1*(-133)/(-133). Suppose -2*s - m = -b, -5*s - 32*b - 43 = -35*b. Calculate h(s).
7
Let l(h) be the first derivative of -h**2/2 + 7*h + 6. Suppose -4*y + 10*y - 30 = 0. Suppose -y*r = -2*r - r. Calculate l(r).
7
Suppose -2*u = -5*u - 9. Let a(n) = 23*n**3 + 2*n**2 - 3*n + 1. Let p(v) = 34*v**3 + 3*v**2 - 3*v. Let q(y) = -3*a(y) + 2*p(y). Determine q(u).
15
Let o(c) = -c**2 + 5*c + 10. Suppose 3*w + 25 - 5 = 2*a, 0 = 5*a + 3*w - 29. What is o(a)?
-4
Let k be -11 + 9 + -1 + 0. Let t be (-3 - (k - -1))*4/(-1). Let h(z) = -5*z**2 + 4*z**2 + t + 3*z + 3*z. Determine h(8).
-12
Suppose -13*v + 2*v - 400 + 543 = 0. Let b(i) = -5*i + 86. Calculate b(v).
21
Let r(s) be the third derivative of -1/20*s**5 - 2/3*s**3 + 0 - 27*s**2 + 0*s**4 + 1/120*s**6 + 0*s. Let m be 1*(-1 - (0 - 4)). Give r(m).
-4
Let d(y) = 2*y**3 + 3*y**2 + y + 9. Let a be d(-3). Let s = -72 - a. Let j = -56 - s. Let m(l) = l**3 + 4*l**2 - 6*l - 1. What is m(j)?
4
Let a(w) = w**3 - 6*w**2 - 2*w + 5. Suppose -5*p + 742 = 2*o + 723, p = -3*o - 4. Determine a(p).
-30
Let n(d) be the first derivative of d**4/4 - 13*d**3/3 + 9*d**2 + 2*d - 8080. Give n(11).
-42
Let n(o) be the first derivative of -5*o**2 + 7*o - 599. What is n(2)?
-13
Let p be (-48)/(-30)*(-15)/(-2). Let g = 6 - p. Let